r of 490 and c.
98
Let r be (54/(-126))/((30/(-10))/294). What is the greatest common factor of r and 2002?
14
Let m(k) be the third derivative of k**4/4 + 35*k**3/3 - 71*k**2. Let i be m(11). What is the greatest common factor of i and 102?
34
Suppose 2*y + 2*a - 71 = -29, -2*y - 5*a + 51 = 0. Suppose 0 = 3*u - 7*v - 872, 3*v = -y + 3. What is the greatest common factor of u and 465?
93
Let x be 2/(5 + -3)*4. Suppose -2*r = -x*d + 38, 3*r + 22 = -20*d + 21*d. What is the greatest common factor of 28 and d?
7
Suppose -31*w + 30*w = -624. Let x be w/(-2)*(-2)/4. Calculate the highest common factor of 12 and x.
12
Let p = 94 + -94. Let x be 10/(-5) - (1 + p). Let h be (6/(-9)*-21)/(x/(-12)). What is the highest common factor of 7 and h?
7
Suppose -s + 2664 = h, 3*h + 2688 = 1820*s - 1819*s. What is the greatest common divisor of 150 and s?
30
Let o be 540/150*(-1 - (-1 + -160)). Suppose 17*n + o = 53*n. What is the greatest common factor of n and 944?
16
Let w(l) = 5*l**3 - 7*l**2 + 26*l - 139. Let b be w(11). Calculate the greatest common factor of 15 and b.
15
Let f = 1244 - 1210. Let m(d) = 84*d**2 - d. Let a be m(-1). What is the greatest common factor of f and a?
17
Let p(f) = -f**3 - f**2 + 27*f + 339. Let l be p(0). What is the greatest common divisor of l and 75?
3
Let y(a) = -2*a + 8. Let m be y(15). Let r be (m/16*6)/((-1)/8). Let k = r - 26. Calculate the highest common divisor of k and 10.
10
Suppose -7*r + 8580 = 149*r. Suppose -6 = 4*z - 18, 4*z = -2*v + 16. Suppose -23 = -5*s + v. Calculate the greatest common factor of r and s.
5
Let z = 50 + -83. Let x be 435/9 + 11/z. Let v(l) = -l**3 - 7*l**2 - 9*l - 2. Let g be v(-6). What is the highest common divisor of x and g?
16
Let m = 56 - 8. Suppose -m*p - 160 = -53*p. What is the highest common factor of 64 and p?
32
Suppose 5*l + 3*r - 254 = 961, -3*r - 705 = -3*l. Calculate the greatest common factor of l and 8240.
80
Let h(u) = 26*u**3 - 63*u**2 + 179*u - 5. Let v be h(3). Calculate the greatest common factor of v and 232.
29
Let f = 45 - 9. Suppose -5*o + 4*g = g + 1115, -5*g - 477 = 2*o. Let k = 229 + o. Calculate the highest common factor of k and f.
3
Let z(g) = -16*g + 8. Let w be z(0). Suppose -309 + 93 = -w*o. What is the highest common divisor of 189 and o?
27
Suppose -2*f + 6*f = 608. Let i = 37 - 103. Let c = i + 85. What is the highest common divisor of f and c?
19
Suppose -36*q - 5 = -71*q + 34*q. Let d be 3/(-12) + (-642)/(-8). What is the highest common factor of q and d?
5
Let j(x) = -82*x**2 + x - 4. Let c be j(-2). Let v = c - -576. Suppose 4*m - m - 66 = 0. What is the greatest common divisor of v and m?
22
Let o be (4/(-3))/(40/(-60)) + 1. Suppose 5*x = -n + 9, -o*x + 9 = -5*n - 2. Calculate the greatest common divisor of x and 14.
2
Suppose 0 = 66*g - 4182 + 288. Calculate the greatest common factor of g and 20827.
59
Let a be (89680/4940)/(4/78). Calculate the highest common factor of a and 24.
6
Let p = 460 + -453. Let j be 0*1*(-2)/(-4). Suppose j*c - 210 = -p*c. Calculate the highest common divisor of c and 40.
10
Suppose -14*c + 9*c + 6600 = 17*c. Calculate the greatest common divisor of 4750 and c.
50
Suppose 93*w - 32 = 77*w. Suppose -3*q + 6*q - 59 = 2*r, -17 = -q + w*r. What is the highest common divisor of q and 7?
7
Suppose -2850 = -7*p - 12*p. What is the highest common factor of p and 18750?
150
Suppose 562*r - 20 = 558*r. Let m be (-108)/(-9)*(-1)/((-3)/r). Calculate the highest common factor of m and 740.
20
Let x(w) = 3*w**2 + 3*w + 2*w**3 + 6*w**2 - 13 - 45 - 11*w - w**3. Let i be x(-9). Calculate the greatest common divisor of i and 448.
14
Suppose 30*b - 20*b - 2340 = 0. What is the highest common factor of 72 and b?
18
Let q(p) = p - 2. Let v be q(6). Let t = v - -156. Let f = 3577 + -3557. Calculate the highest common factor of f and t.
20
Let b(v) = -24*v**3 + 8*v**2 + 44*v + 184. Let k be b(-5). What is the highest common factor of 112 and k?
28
Suppose 0 = -289*m + 81541 + 44752. Calculate the greatest common divisor of m and 323.
19
Let r(p) = -p**2 - 6*p - 10. Let h be r(-4). Let d be h/(1 - (-55)/(-45)). Let w be 107 - 31 - 1*(-5)/1. What is the greatest common factor of d and w?
9
Let t = 18317 + -7243. What is the greatest common factor of t and 452?
226
Let q be 54*14/252*63. What is the greatest common factor of q and 1470?
21
Suppose -2*u = -4*c - 0*c + 126, 5*c = -5*u - 255. Let y = u - -97. Calculate the greatest common divisor of y and 112.
14
Let y = -17615 - -17670. Calculate the highest common divisor of y and 5995.
55
Let v = -3898 + 3913. Calculate the greatest common factor of v and 8565.
15
Let i(a) = 54 + 39 - 14 + 7*a + 30. Let y be i(-11). What is the greatest common divisor of y and 72?
8
Let v(i) = -i**3 - 4*i**2 + 3*i + 2. Let x be v(-5). Let d(j) = -j**3 + 11*j**2 + 19*j - 15. Let y be d(x). Calculate the highest common divisor of 276 and y.
69
Let v(y) = y**3 + y**2 - 4. Let f be v(4). Let z = 86929 - 86777. Calculate the highest common divisor of f and z.
76
Let a = 1267 + -1265. Calculate the highest common factor of 1486 and a.
2
Suppose 3657*q - 2925 = 3632*q. What is the greatest common divisor of 195 and q?
39
Suppose 13*g = 1048 + 1799. Calculate the greatest common divisor of g and 26499.
219
Suppose 13 = -5*j - 27. Let f(p) = p**2 + 7*p + 17. Let x be f(j). Let r be -2*1 - (-35)/5. What is the highest common divisor of x and r?
5
Suppose -10*b + 7*b = -5*r + 817, 5*b + 503 = 3*r. Let k = 168 - r. Calculate the greatest common divisor of 5 and k.
1
Let g(k) = -k - 1. Let r(a) = 5*a + 29. Let s = -24 + 23. Let u(d) = s*r(d) - 2*g(d). Let w be u(-14). Calculate the highest common factor of w and 90.
15
Suppose -z - 3*z = -184. Suppose 0 = -57*i + 14*i + 226 - 54. What is the highest common divisor of z and i?
2
Let s = 39 + 48. Let v = s - -58. What is the highest common factor of v and 29?
29
Let m = -43 + 52. Suppose -3*g + 5*w = -m, -4*g + 44 = 3*w + w. Suppose 3*y + 75 = g*y. Calculate the greatest common divisor of 5 and y.
5
Suppose -v + 5*i - 10 = 0, -5*v + 2*v + 3 = -4*i. Let h be (36730/6)/v + (-2)/6. Suppose -6*j = 2*j - h. What is the highest common divisor of j and 17?
17
Suppose 423 = -5*k + 2*a + 2*a, -4*a - 186 = 2*k. Let f = k + 90. What is the highest common divisor of 108 and f?
3
Let m be (44/(-20))/(7/(-280)). Let c be 0/(-4) + 8 - -3. What is the greatest common factor of m and c?
11
Suppose 31*o - 20*o - 22 = 0. Suppose 132 = o*t - 54. What is the highest common factor of 217 and t?
31
Suppose 0 = 16*c - 22*c - 30. Let w be -1 + 60 + (-15)/c. Calculate the highest common factor of 31 and w.
31
Let w(l) = 2309*l + 87. Let g be w(0). Calculate the greatest common divisor of g and 4727.
29
Suppose 4*j + 302 = p, 133*j + 12 = 131*j. What is the highest common divisor of 4 and p?
2
Suppose 9*a = -195 + 240. Suppose -5*f - 229 = -2*w, 2*f - 24 = a*w - 607. Let u = 6 - -7. What is the greatest common divisor of u and w?
13
Let t = -45 + 166. Let g = 74 + -63. What is the highest common divisor of g and t?
11
Suppose 79*j = 74*j + 4*z + 100, 4*z = 2*j - 52. Let r be 1*3 - (-343 + 2). What is the highest common divisor of j and r?
8
Let w(r) = -7410*r - 5768. Let t be w(-2). What is the greatest common factor of 1168 and t?
292
Suppose 3*d - 141 = -2*r, 3*r + 33*d = 28*d + 211. What is the highest common factor of 612 and r?
36
Let m = 88 + -79. Suppose -m = -3*w + 96. Calculate the greatest common factor of w and 15.
5
Let x(c) = -94*c + 484. Let j be x(-6). What is the highest common divisor of 16 and j?
8
Suppose -5*t + 210 + 140 = 0. Suppose -2*f + 0*f + 3*y + 145 = 0, -2*y = -f + t. Suppose 0 = 10*s - 2890 - f. What is the highest common divisor of 33 and s?
33
Let f(m) = 2*m**3 - 5*m**2 - 7*m + 1. Let x be f(5). Let r = 53476 + -53307. Calculate the highest common divisor of r and x.
13
Suppose -g = -5*v - 241, 3*g = 3*v + 635 + 136. What is the greatest common factor of 6525 and g?
261
Suppose -31 = -4*k - 131. Let n be 5/(k/(-765))*12/9. Calculate the highest common factor of 51 and n.
51
Let q = -1638 + 1652. What is the highest common divisor of q and 595?
7
Let y = 1863 - 1485. What is the greatest common factor of 105 and y?
21
Suppose -u - 18*q = -17*q - 9210, 18418 = 2*u + 3